 of t.
2, 3, 10859
Let r(o) = 183*o - 1. Let f be r(1). Let p be 6/2 - (-7)/(-21 - -14). Suppose -5*v + f = p*v. What are the prime factors of v?
2, 13
Suppose 875 = -3*t - n - 1501, 0 = -2*n. Let o = -411 - t. List the prime factors of o.
3, 127
Suppose 5*t - 10 = -685. Let a = t - -205. Let i = a - 8. List the prime factors of i.
2, 31
Let w(d) = -d**3 - 3*d**2 + 6*d + 5. Let q be w(-4). Let z be 12/9 + (-2)/q. Suppose 2*t + 5*y - 106 = 0, 5*y - 3*y + 120 = z*t. List the prime factors of t.
2, 29
Suppose 146*c = 64*c - 139*c + 819468. List the prime factors of c.
2, 3, 103
Let t = 15965 - 11122. Suppose 1360 = -9*b + t. What are the prime factors of b?
3, 43
Let c(v) = -15*v - 16. Let k be c(-4). Suppose 6*d - 40 = 8*d. Let m = d + k. List the prime factors of m.
2, 3
Let n(x) = -237*x - 18. Let w be n(2). Let r = 1110 + w. List the prime factors of r.
2, 3, 103
Suppose 5 = -3*q - 13, n - 4*q = 20156. What are the prime factors of n?
2, 7, 719
Let w be 2/9 + (-284)/(-18) + -1. Suppose -3*x + w*x - 9744 = 0. List the prime factors of x.
2, 7, 29
Let a(w) = 17*w**2 + 11*w - 20. Let k(x) = -x**3 - 5*x**2 + 11*x + 46. Let d be k(-5). List the prime factors of a(d).
2, 17, 37
Suppose 27*r + 249*r - 1640363 = 395137. List the prime factors of r.
5, 59
Let k be 20/(-90) - (-266)/(-18). Let s(a) = 2*a + 50. List the prime factors of s(k).
2, 5
Let d(r) = -103*r - 5. Let k be d(-29). Suppose -16 = -4*s, -11*i - k = -13*i + 2*s. List the prime factors of i.
5, 13, 23
Let o(z) = -9*z**3 - 3*z**2 + 7*z - 11. Let k be o(2). Suppose b + 74 = -0*b. Let n = b - k. List the prime factors of n.
7
Let y(b) = 171*b**2 + 85*b + 226. List the prime factors of y(-3).
2, 5, 151
Let b = -180 + 275. Suppose 23 = -3*g + 32. Suppose -5*l = -l - 16, 2*l - b = -g*i. List the prime factors of i.
29
Let j = 4298 - -12336. List the prime factors of j.
2, 8317
Suppose -5*b = 5*g - 70, 4*b = 2*g + b - 13. Let z(x) = -x**2 + 10*x + 10. Let n be z(g). What are the prime factors of (4 - (-44)/12)/(n/(-9))?
3, 23
Suppose 881 + 6565 = 3*u. Suppose 12 = w + 3*w, 5*k - w = u. Suppose -g = 6*g - k. List the prime factors of g.
71
Suppose 0 = 22*f - 24*f + 2. Let l(p) = 18*p**2 - 2*p + 2. Let d be l(f). What are the prime factors of ((-12)/d)/(4/(-474))?
79
Suppose -3*t - 15 + 6 = 0, -5*t = -2*f - 5. Let h(x) = -4*x - 37. Let o be h(f). Suppose o*p - 121 = 296. What are the prime factors of p?
139
Let f = 725 - 1245. What are the prime factors of (6 - 6) + 1 - f?
521
Let a = 637 + 767. List the prime factors of a.
2, 3, 13
Let h(t) = -8*t + 15. Let z = 14 + -19. Let c(u) = 15*u - 29. Let o(g) = z*h(g) - 2*c(g). What are the prime factors of o(10)?
83
Let i(p) be the second derivative of p**3/6 - 3*p**2/2 - 15*p. Let q be i(5). Suppose -q*f - 2*f = -4*r + 204, -219 = -4*r + f. List the prime factors of r.
2, 7
What are the prime factors of (-1 - -3 - (-13)/(-13)) + (0 - -3630)?
3631
Let d(v) be the first derivative of -v**2 - 5*v + 39. Let g = -14 - -3. What are the prime factors of d(g)?
17
Suppose -3*d - 5*r - 470 = 0, -3*r - 155 - 158 = 2*d. Let z = 228 - d. What are the prime factors of z?
383
List the prime factors of (-260694)/(-56)*(-340)/(-51).
3, 5, 2069
Let x be 1 - (3 - (-3)/(12/(-8))). Suppose x = -4*w - p + 1221, 4*p - 6*p = -5*w + 1510. What are the prime factors of w?
2, 19
Let x(g) = -21*g - 49. Let a be x(-15). Suppose -a - 1252 = -6*n. What are the prime factors of n?
11, 23
Suppose t = -3*h - 3 + 16, -5*h = 3*t - 15. Let z be ((-484)/h)/((-22)/6 - -3). Suppose v - 4*f - z = 0, f = -4*v + 314 + 102. What are the prime factors of v?
3, 5, 7
Suppose 116*h - 70*h = 180872. List the prime factors of h.
2, 983
Suppose 91 = 6*r - 11. Suppose -r*n - 2*h = -21*n + 1480, h - 370 = -n. List the prime factors of n.
2, 5, 37
Let o(x) = 3*x**2 + 10*x + 2*x**2 + 13*x - 10 - 9*x. List the prime factors of o(5).
5, 37
Suppose -4*j + 4 + 4 = -2*h, -2*j - 36 = 3*h. Let o = h + 19. Suppose 0 = 3*y - 15 - o. List the prime factors of y.
2
Let q(a) = a**3 + 6*a**2 - 12*a + 34. Let o be q(-8). Suppose 20 = 5*f, -o*w + f - 2*f = -390. List the prime factors of w.
193
Suppose -2*b + 5*i + 908 = 0, 5*i - 1362 = 15*b - 18*b. Suppose -51 = k - b. List the prime factors of k.
13, 31
Suppose f + 4*h = 10, -2*f = -5*h + h - 32. Let l = -8 + f. Suppose -o - l*o = -1169. List the prime factors of o.
167
Let h(q) = q**3 - 11*q**2 + 4*q + 6. Let d(p) = -p**3 - 6*p**2 + 5*p - 17. Let c be d(-7). Let o(k) = -k + 9. Let g be o(c). What are the prime factors of h(g)?
2, 3, 11
Let i = -13 + 16. Let p(j) = -16*j + 2*j**3 + 15 - j**3 + j**3 - j**3 - i*j**2. List the prime factors of p(6).
3
Let v(u) = 58*u**2 + 2*u - 8. Let l be v(3). Suppose 3*a + 0*k = -2*k + l, 4*a - 2*k = 712. Suppose -6*b - a = -10*b. What are the prime factors of b?
2, 11
Let s(t) = 209*t**2 - 119*t + 3. List the prime factors of s(8).
17, 43
Suppose 0 = 195*q - 1317675 - 4734812 - 1619593. What are the prime factors of q?
2, 2459
Let r(b) = b - 22 + 12 + 10. Let m(y) = -85*y + 6. Let p(o) = m(o) + 5*r(o). What are the prime factors of p(-2)?
2, 83
Suppose 170*l - 165*l - 3*t = 19418, l = -5*t + 3878. List the prime factors of l.
11, 353
List the prime factors of (61/7 - (185/(-35) - -5))*3737.
3, 37, 101
Let z(t) be the third derivative of -18*t**2 + 71/2*t**3 - 1/60*t**5 + 1/12*t**4 + 0*t + 0. List the prime factors of z(0).
3, 71
Let y(f) = -f + 27*f + 158 + 20*f. What are the prime factors of y(7)?
2, 3, 5
Suppose -1020 = 18*i - 35*i. Suppose 44*k + 6896 = i*k. List the prime factors of k.
431
Suppose 0 = 14*u - 15*u - 11. Let b = u - -196. Suppose -4*i = i - b. What are the prime factors of i?
37
Suppose d - 25829 - 9360 = -w, -3*w - d + 105585 = 0. List the prime factors of w.
2, 17599
Suppose 7*m + 4*t + 4 = 11*m, -2*t = 4*m + 2. Suppose m = 7*p - 495 - 870. List the prime factors of p.
3, 5, 13
Let z be (2 - -2)/(4/3). Suppose 5*j - 134 = -c, 0*j - 132 = -c - z*j. Suppose -c = -m - 2*m. List the prime factors of m.
43
Let g(p) = -2*p**3 + 5*p - 4. Let q = -34 + -6. Let b = 37 + q. List the prime factors of g(b).
5, 7
Let z = -445 - -444. Let j(f) = -499*f**3 + 4*f**2 - 5*f - 6. List the prime factors of j(z).
2, 251
Let g = 58410 - 21757. What are the prime factors of g?
36653
Suppose 2*w - j + 8 = 0, 4 = 4*j - 4. Let z be (w/(-2) - 3)/(6/(-16)). Suppose 14 = 3*s + z*s. List the prime factors of s.
2
Let x = 38 - 34. Suppose 79*r - 75*r - x = 0. Let i(a) = 22*a**2. What are the prime factors of i(r)?
2, 11
List the prime factors of (17 - 15)*-10 + 12872.
2, 3, 7, 17
Let l be ((-2)/(-3))/((-10)/(-60)) - 6. What are the prime factors of 29403/(-66)*l/3?
3, 11
Suppose 3*a - 5*q = -162, 3*a + 3*q = -2*a - 304. Let w = a - -66. What are the prime factors of 2236/14 - (-2)/w?
2, 5
Suppose -162912 + 80444 = -3*k + 74612. List the prime factors of k.
2, 5, 7, 11, 17
Let y(x) be the third derivative of 73*x**5/60 + x**4/4 + x**3/6 + 17*x**2 - 1. What are the prime factors of y(2)?
5, 61
Let s(q) be the first derivative of -11/2*q**2 - 3 + 14*q. What are the prime factors of s(-7)?
7, 13
Let u be 88/12 - ((-4)/(-3) - 2). Suppose 12*n - 1186 = -3*s + u*n, s = -n + 395. What are the prime factors of s?
2, 197
Let w(a) = 20*a**3 - a**2 + 2*a. Let i be w(1). Suppose -170 = 5*b - 2*j, -j + 47 = -2*b - 20. Let t = i - b. List the prime factors of t.
3, 19
List the prime factors of (-375)/300 - (-158577)/4.
29, 1367
Let i(s) = 5*s**2 + 55*s + 2689. List the prime factors of i(-51).
12889
Let l be (-3 - 54/3) + -1*1. Let d be (3 - 7)/(l/(-20) - 1). List the prime factors of ((-3)/(-5))/(8/d) - -48.
3, 5
Let d be (-35)/28 - (-119)/28. Suppose 0 = 2*p + d*c - 1606, -5*p + 6*c = 3*c - 3973. What are the prime factors of p?
797
Suppose 0 = 41*f - 21*f - 257820. List the prime factors of f.
3, 4297
Suppose -58*r + 445460 + 552862 = -134070. List the prime factors of r.
2, 3, 1627
Let v be (-24)/36 + (-96)/(-9) - 5. Suppose -5*p + 5440 = -v*x, -60*x + 63*x + 4350 = 4*p. List the prime factors of p.
2, 3, 181
Suppose 2*r - 5*q - 42322 = 0, 19*r = 18*r + 3*q + 21159. List the prime factors of r.
3, 7057
Let z = -11383 - -17985. What are the prime factors of z?
2, 3301
Let g(q) = -q**2 - 15*q - 23. Let t be g(-13). Let l(j) = -661*j**2 + 661*j**2 - 